{"id":996,"date":"2025-08-06T14:08:48","date_gmt":"2025-08-06T12:08:48","guid":{"rendered":"https:\/\/physiotherapie-pregler.de\/?page_id=996"},"modified":"2026-04-20T09:28:32","modified_gmt":"2026-04-20T07:28:32","slug":"impressum","status":"publish","type":"page","link":"https:\/\/physiotherapie-pregler.de\/de\/impressum\/","title":{"rendered":"Impressum"},"content":{"rendered":"\n<div class=\"section-wrapper\" data-id=\"PYzOXP\"><section class=\"wp-block-gutenverse-section guten-element guten-section guten-PYzOXP layout-boxed align-stretch\"><div class=\"guten-container guten-column-gap-default\">\n<div class=\"wp-block-gutenverse-column guten-element guten-column guten-eRGOJb\"><div class=\"guten-column-wrapper\" data-id=\"eRGOJb\">\n<h2 class=\"wp-block-heading\"><strong>Impressum<\/strong><\/h2>\n\n\n\n<div class=\"guten-element guten-spacer guten-dGkY8b\"><\/div>\n\n\n\n<h3 class=\"wp-block-heading\"><strong>Angaben gem\u00e4\u00df \u00a7 5 DDG<\/strong><\/h3>\n\n\n\n<div class=\"guten-element guten-spacer guten-IGf4K3\"><\/div>\n\n\n\n<p class=\"\"><strong>Private Physiotherapie Pregler<\/strong> Gr\u00fcnwalderstr. 49, 81547 M\u00fcnchen<\/p>\n\n\n\n<div class=\"guten-element guten-spacer guten-KVrLSU\"><\/div>\n\n\n\n<p class=\"\"><strong>Vertreten durch:<\/strong> <\/p>\n\n\n\n<div class=\"guten-element guten-spacer guten-zIthQ4\"><\/div>\n\n\n\n<p class=\"\">Pamina Pregler<\/p>\n\n\n\n<div class=\"guten-element guten-spacer guten-yYEscw\"><\/div>\n\n\n\n<h3 class=\"wp-block-heading\"><strong>Kontakt<\/strong><\/h3>\n\n\n\n<div class=\"guten-element guten-spacer guten-GkZrFS\"><\/div>\n\n\n\n<p class=\"has-custom-color-2-color has-text-color has-link-color wp-elements-6ea3fbf31ac60805b09053c3f6db6b4f\"><strong>Telefon:<\/strong> <a href=\"http:\/\/+49 176 429 68761\">+49 176 <\/a>32968761<\/p>\n\n\n\n<div class=\"guten-element guten-spacer guten-61NYFN\"><\/div>\n\n\n\n<p class=\"has-contrast-color has-text-color has-link-color wp-elements-7d1822bbae30293e63681276cd92102f\"><strong>E-Mail:<\/strong> <a href=\"info@physiotherapie-pregler.de\" type=\"link\" id=\"info@physiotherapie-pregler.de\">info@physiotherapie-pregler.de<\/a><\/p>\n\n\n\n<div class=\"guten-element guten-spacer guten-1ehNwQ\"><\/div>\n\n\n\n<p class=\"has-link-color wp-elements-52afb01e338a053e5e0807b6db27fc83\"><strong>Website:<\/strong> <a href=\"https:\/\/physiotherapie-pregler.de\/\" type=\"link\" id=\"https:\/\/physiotherapie-pregler.de\/\">https:\/\/physiotherapie-pregler.de\/<\/a><\/p>\n\n\n\n<div class=\"guten-element guten-spacer guten-gbwPAi\"><\/div>\n\n\n\n<p class=\"\"><strong>Registergericht:<\/strong> Amtsgericht M\u00fcnchen <\/p>\n\n\n\n<div class=\"guten-element guten-spacer guten-4ofYHJ\"><\/div>\n\n\n\n<p class=\"\"><strong>Registernummer:<\/strong> HRB<\/p>\n\n\n\n<div class=\"guten-element guten-spacer guten-UfKtkX\"><\/div>\n\n\n\n<h3 class=\"wp-block-heading\"><strong>Umsatzsteuer-ID<\/strong><\/h3>\n\n\n\n<div class=\"guten-element guten-spacer guten-DQaczY\"><\/div>\n\n\n\n<p class=\"\"><strong>Umsatzsteuer-Identifikationsnummer gem\u00e4\u00df \u00a7 27 a Umsatzsteuergesetz:<\/strong> DE <\/p>\n\n\n\n<p class=\"\"><\/p>\n\n\n\n<div class=\"guten-element guten-spacer guten-0aktdR\"><\/div>\n\n\n\n<h3 class=\"wp-block-heading\"><strong>Aufsichtsbeh\u00f6rde<\/strong><\/h3>\n\n\n\n<div class=\"guten-element guten-spacer guten-DPZ6UQ\"><\/div>\n\n\n\n<p class=\"\">Landeshauptstadt M\u00fcnchen Referat f\u00fcr Klima- und Umweltschutz Lebensmittel\u00fcberwachung Bayerstra\u00dfe 28a 80335 M\u00fcnchen<\/p>\n\n\n\n<div class=\"guten-element guten-spacer guten-jae4jM\"><\/div>\n\n\n\n<h3 class=\"wp-block-heading\"><strong>Redaktionell verantwortlich<\/strong><\/h3>\n\n\n\n<div class=\"guten-element guten-spacer guten-D61KsW\"><\/div>\n\n\n\n<p class=\"\">Pamina Pregler<br>Gr\u00fcnwalderstr. 49, 81547 M\u00fcnchen<\/p>\n<\/div><\/div>\n<\/div><\/section><\/div>\n","protected":false},"excerpt":{"rendered":"","protected":false},"author":1,"featured_media":0,"parent":0,"menu_order":0,"comment_status":"closed","ping_status":"closed","template":"wp-custom-template-legal-pages","meta":{"nf_dc_page":"","footnotes":""},"class_list":["post-996","page","type-page","status-publish","hentry"],"yoast_head":"<!-- This site is optimized with the Yoast SEO plugin v27.3 - https:\/\/yoast.com\/product\/yoast-seo-wordpress\/ -->\n<title>Impressum - Private Physiotherapie Pregler<\/title>\n<meta name=\"robots\" content=\"noindex, nofollow\" \/>\n<meta property=\"og:locale\" content=\"de_DE\" \/>\n<meta property=\"og:type\" content=\"article\" \/>\n<meta property=\"og:title\" content=\"Impressum - Private Physiotherapie Pregler\" \/>\n<meta property=\"og:url\" content=\"https:\/\/physiotherapie-pregler.de\/de\/impressum\/\" \/>\n<meta property=\"og:site_name\" content=\"Private Physiotherapie Pregler\" \/>\n<meta property=\"article:modified_time\" content=\"2026-04-20T07:28:32+00:00\" \/>\n<meta name=\"twitter:card\" content=\"summary_large_image\" \/>\n<meta name=\"twitter:label1\" content=\"Gesch\u00e4tzte Lesezeit\" \/>\n\t<meta name=\"twitter:data1\" content=\"1\u00a0Minute\" \/>\n<script type=\"application\/ld+json\" class=\"yoast-schema-graph\">{\"@context\":\"https:\\\/\\\/schema.org\",\"@graph\":[{\"@type\":\"WebPage\",\"@id\":\"https:\\\/\\\/physiotherapie-pregler.de\\\/impressum\\\/\",\"url\":\"https:\\\/\\\/physiotherapie-pregler.de\\\/impressum\\\/\",\"name\":\"Impressum - Private Physiotherapie Pregler\",\"isPartOf\":{\"@id\":\"https:\\\/\\\/rzu.upx.mybluehost.me\\\/#website\"},\"datePublished\":\"2025-08-06T12:08:48+00:00\",\"dateModified\":\"2026-04-20T07:28:32+00:00\",\"breadcrumb\":{\"@id\":\"https:\\\/\\\/physiotherapie-pregler.de\\\/impressum\\\/#breadcrumb\"},\"inLanguage\":\"de\",\"potentialAction\":[{\"@type\":\"ReadAction\",\"target\":[\"https:\\\/\\\/physiotherapie-pregler.de\\\/impressum\\\/\"]}]},{\"@type\":\"BreadcrumbList\",\"@id\":\"https:\\\/\\\/physiotherapie-pregler.de\\\/impressum\\\/#breadcrumb\",\"itemListElement\":[{\"@type\":\"ListItem\",\"position\":1,\"name\":\"Home\",\"item\":\"https:\\\/\\\/physiotherapie-pregler.de\\\/\"},{\"@type\":\"ListItem\",\"position\":2,\"name\":\"Impressum\"}]},{\"@type\":\"WebSite\",\"@id\":\"https:\\\/\\\/rzu.upx.mybluehost.me\\\/#website\",\"url\":\"https:\\\/\\\/rzu.upx.mybluehost.me\\\/\",\"name\":\"Private Physiotherapie Pregler\",\"description\":\"PRIVATE PHYSIOTHERAPIE PREGLER\",\"publisher\":{\"@id\":\"https:\\\/\\\/rzu.upx.mybluehost.me\\\/#organization\"},\"alternateName\":\"Private Physiotherapie Pregler\",\"potentialAction\":[{\"@type\":\"SearchAction\",\"target\":{\"@type\":\"EntryPoint\",\"urlTemplate\":\"https:\\\/\\\/rzu.upx.mybluehost.me\\\/?s={search_term_string}\"},\"query-input\":{\"@type\":\"PropertyValueSpecification\",\"valueRequired\":true,\"valueName\":\"search_term_string\"}}],\"inLanguage\":\"de\"},{\"@type\":\"Organization\",\"@id\":\"https:\\\/\\\/rzu.upx.mybluehost.me\\\/#organization\",\"name\":\"Private Physiotherapie Pregler\",\"alternateName\":\"Private Physiotherapie Pregler\",\"url\":\"https:\\\/\\\/rzu.upx.mybluehost.me\\\/\",\"logo\":{\"@type\":\"ImageObject\",\"inLanguage\":\"de\",\"@id\":\"https:\\\/\\\/rzu.upx.mybluehost.me\\\/#\\\/schema\\\/logo\\\/image\\\/\",\"url\":\"https:\\\/\\\/physiotherapie-pregler.de\\\/wp-content\\\/uploads\\\/2025\\\/07\\\/Physiotherapie-Pregler-Logo-Green.webp\",\"contentUrl\":\"https:\\\/\\\/physiotherapie-pregler.de\\\/wp-content\\\/uploads\\\/2025\\\/07\\\/Physiotherapie-Pregler-Logo-Green.webp\",\"width\":512,\"height\":512,\"caption\":\"Private Physiotherapie Pregler\"},\"image\":{\"@id\":\"https:\\\/\\\/rzu.upx.mybluehost.me\\\/#\\\/schema\\\/logo\\\/image\\\/\"},\"sameAs\":[\"https:\\\/\\\/www.instagram.com\\\/physiopregler\\\/\"]}]}<\/script>\n<!-- \/ Yoast SEO plugin. -->","yoast_head_json":{"title":"Impressum - Private Physiotherapie Pregler","robots":{"index":"noindex","follow":"nofollow"},"og_locale":"de_DE","og_type":"article","og_title":"Impressum - Private Physiotherapie Pregler","og_url":"https:\/\/physiotherapie-pregler.de\/de\/impressum\/","og_site_name":"Private Physiotherapie Pregler","article_modified_time":"2026-04-20T07:28:32+00:00","twitter_card":"summary_large_image","twitter_misc":{"Gesch\u00e4tzte Lesezeit":"1\u00a0Minute"},"schema":{"@context":"https:\/\/schema.org","@graph":[{"@type":"WebPage","@id":"https:\/\/physiotherapie-pregler.de\/impressum\/","url":"https:\/\/physiotherapie-pregler.de\/impressum\/","name":"Impressum - Private Physiotherapie Pregler","isPartOf":{"@id":"https:\/\/rzu.upx.mybluehost.me\/#website"},"datePublished":"2025-08-06T12:08:48+00:00","dateModified":"2026-04-20T07:28:32+00:00","breadcrumb":{"@id":"https:\/\/physiotherapie-pregler.de\/impressum\/#breadcrumb"},"inLanguage":"de","potentialAction":[{"@type":"ReadAction","target":["https:\/\/physiotherapie-pregler.de\/impressum\/"]}]},{"@type":"BreadcrumbList","@id":"https:\/\/physiotherapie-pregler.de\/impressum\/#breadcrumb","itemListElement":[{"@type":"ListItem","position":1,"name":"Home","item":"https:\/\/physiotherapie-pregler.de\/"},{"@type":"ListItem","position":2,"name":"Impressum"}]},{"@type":"WebSite","@id":"https:\/\/rzu.upx.mybluehost.me\/#website","url":"https:\/\/rzu.upx.mybluehost.me\/","name":"Private Physiotherapie Pregler","description":"PRIVATE PHYSIOTHERAPIE PREGLER","publisher":{"@id":"https:\/\/rzu.upx.mybluehost.me\/#organization"},"alternateName":"Private Physiotherapie Pregler","potentialAction":[{"@type":"SearchAction","target":{"@type":"EntryPoint","urlTemplate":"https:\/\/rzu.upx.mybluehost.me\/?s={search_term_string}"},"query-input":{"@type":"PropertyValueSpecification","valueRequired":true,"valueName":"search_term_string"}}],"inLanguage":"de"},{"@type":"Organization","@id":"https:\/\/rzu.upx.mybluehost.me\/#organization","name":"Private Physiotherapie Pregler","alternateName":"Private Physiotherapie Pregler","url":"https:\/\/rzu.upx.mybluehost.me\/","logo":{"@type":"ImageObject","inLanguage":"de","@id":"https:\/\/rzu.upx.mybluehost.me\/#\/schema\/logo\/image\/","url":"https:\/\/physiotherapie-pregler.de\/wp-content\/uploads\/2025\/07\/Physiotherapie-Pregler-Logo-Green.webp","contentUrl":"https:\/\/physiotherapie-pregler.de\/wp-content\/uploads\/2025\/07\/Physiotherapie-Pregler-Logo-Green.webp","width":512,"height":512,"caption":"Private Physiotherapie Pregler"},"image":{"@id":"https:\/\/rzu.upx.mybluehost.me\/#\/schema\/logo\/image\/"},"sameAs":["https:\/\/www.instagram.com\/physiopregler\/"]}]}},"_links":{"self":[{"href":"https:\/\/physiotherapie-pregler.de\/de\/wp-json\/wp\/v2\/pages\/996","targetHints":{"allow":["GET"]}}],"collection":[{"href":"https:\/\/physiotherapie-pregler.de\/de\/wp-json\/wp\/v2\/pages"}],"about":[{"href":"https:\/\/physiotherapie-pregler.de\/de\/wp-json\/wp\/v2\/types\/page"}],"author":[{"embeddable":true,"href":"https:\/\/physiotherapie-pregler.de\/de\/wp-json\/wp\/v2\/users\/1"}],"replies":[{"embeddable":true,"href":"https:\/\/physiotherapie-pregler.de\/de\/wp-json\/wp\/v2\/comments?post=996"}],"version-history":[{"count":5,"href":"https:\/\/physiotherapie-pregler.de\/de\/wp-json\/wp\/v2\/pages\/996\/revisions"}],"predecessor-version":[{"id":1368,"href":"https:\/\/physiotherapie-pregler.de\/de\/wp-json\/wp\/v2\/pages\/996\/revisions\/1368"}],"wp:attachment":[{"href":"https:\/\/physiotherapie-pregler.de\/de\/wp-json\/wp\/v2\/media?parent=996"}],"curies":[{"name":"wp","href":"https:\/\/api.w.org\/{rel}","templated":true}]}}

<div class="section-wrapper" data-id="PYzOXP"><section class="wp-block-gutenverse-section guten-element guten-section guten-PYzOXP layout-boxed align-stretch"><div class="guten-container guten-column-gap-default">
<div class="wp-block-gutenverse-column guten-element guten-column guten-eRGOJb"><div class="guten-column-wrapper" data-id="eRGOJb">
<h2 class="wp-block-heading"><strong>Impressum</strong></h2>



<div class="guten-element guten-spacer guten-dGkY8b"></div>



<h3 class="wp-block-heading"><strong>Angaben gemäß § 5 DDG</strong></h3>



<div class="guten-element guten-spacer guten-IGf4K3"></div>



<p class=""><strong>Private Physiotherapie Pregler</strong> Grünwalderstr. 49, 81547 München</p>



<div class="guten-element guten-spacer guten-KVrLSU"></div>



<p class=""><strong>Vertreten durch:</strong> </p>



<div class="guten-element guten-spacer guten-zIthQ4"></div>



<p class="">Pamina Pregler</p>



<div class="guten-element guten-spacer guten-yYEscw"></div>



<h3 class="wp-block-heading"><strong>Kontakt</strong></h3>



<div class="guten-element guten-spacer guten-GkZrFS"></div>



<p class="has-custom-color-2-color has-text-color has-link-color wp-elements-6ea3fbf31ac60805b09053c3f6db6b4f"><strong>Telefon:</strong> <a href="http://+49 176 429 68761">+49 176 </a>32968761</p>



<div class="guten-element guten-spacer guten-61NYFN"></div>



<p class="has-contrast-color has-text-color has-link-color wp-elements-7d1822bbae30293e63681276cd92102f"><strong>E-Mail:</strong> <a href="info@physiotherapie-pregler.de" type="link" id="info@physiotherapie-pregler.de">info@physiotherapie-pregler.de</a></p>



<div class="guten-element guten-spacer guten-1ehNwQ"></div>



<p class="has-link-color wp-elements-52afb01e338a053e5e0807b6db27fc83"><strong>Website:</strong> <a href="https://physiotherapie-pregler.de/" type="link" id="https://physiotherapie-pregler.de/">https://physiotherapie-pregler.de/</a></p>



<div class="guten-element guten-spacer guten-gbwPAi"></div>



<p class=""><strong>Registergericht:</strong> Amtsgericht München </p>



<div class="guten-element guten-spacer guten-4ofYHJ"></div>



<p class=""><strong>Registernummer:</strong> HRB</p>



<div class="guten-element guten-spacer guten-UfKtkX"></div>



<h3 class="wp-block-heading"><strong>Umsatzsteuer-ID</strong></h3>



<div class="guten-element guten-spacer guten-DQaczY"></div>



<p class=""><strong>Umsatzsteuer-Identifikationsnummer gemäß § 27 a Umsatzsteuergesetz:</strong> DE </p>



<p class=""></p>



<div class="guten-element guten-spacer guten-0aktdR"></div>



<h3 class="wp-block-heading"><strong>Aufsichtsbehörde</strong></h3>



<div class="guten-element guten-spacer guten-DPZ6UQ"></div>



<p class="">Landeshauptstadt München Referat für Klima- und Umweltschutz Lebensmittelüberwachung Bayerstraße 28a 80335 München</p>



<div class="guten-element guten-spacer guten-jae4jM"></div>



<h3 class="wp-block-heading"><strong>Redaktionell verantwortlich</strong></h3>



<div class="guten-element guten-spacer guten-D61KsW"></div>



<p class="">Pamina Pregler<br>Grünwalderstr. 49, 81547 München</p>
</div></div>
</div></section></div>

<!-- This site is optimized with the Yoast SEO plugin v27.3 - https://yoast.com/product/yoast-seo-wordpress/ -->
<title>Impressum - Private Physiotherapie Pregler</title>
<meta name="robots" content="noindex, nofollow" />
<meta property="og:locale" content="de_DE" />
<meta property="og:type" content="article" />
<meta property="og:title" content="Impressum - Private Physiotherapie Pregler" />
<meta property="og:url" content="https://physiotherapie-pregler.de/de/impressum/" />
<meta property="og:site_name" content="Private Physiotherapie Pregler" />
<meta property="article:modified_time" content="2026-04-20T07:28:32+00:00" />
<meta name="twitter:card" content="summary_large_image" />
<meta name="twitter:label1" content="Geschätzte Lesezeit" />
	<meta name="twitter:data1" content="1 Minute" />
<script type="application/ld+json" class="yoast-schema-graph">{"@context":"https:\/\/schema.org","@graph":[{"@type":"WebPage","@id":"https:\/\/physiotherapie-pregler.de\/impressum\/","url":"https:\/\/physiotherapie-pregler.de\/impressum\/","name":"Impressum - Private Physiotherapie Pregler","isPartOf":{"@id":"https:\/\/rzu.upx.mybluehost.me\/#website"},"datePublished":"2025-08-06T12:08:48+00:00","dateModified":"2026-04-20T07:28:32+00:00","breadcrumb":{"@id":"https:\/\/physiotherapie-pregler.de\/impressum\/#breadcrumb"},"inLanguage":"de","potentialAction":[{"@type":"ReadAction","target":["https:\/\/physiotherapie-pregler.de\/impressum\/"]}]},{"@type":"BreadcrumbList","@id":"https:\/\/physiotherapie-pregler.de\/impressum\/#breadcrumb","itemListElement":[{"@type":"ListItem","position":1,"name":"Home","item":"https:\/\/physiotherapie-pregler.de\/"},{"@type":"ListItem","position":2,"name":"Impressum"}]},{"@type":"WebSite","@id":"https:\/\/rzu.upx.mybluehost.me\/#website","url":"https:\/\/rzu.upx.mybluehost.me\/","name":"Private Physiotherapie Pregler","description":"PRIVATE PHYSIOTHERAPIE PREGLER","publisher":{"@id":"https:\/\/rzu.upx.mybluehost.me\/#organization"},"alternateName":"Private Physiotherapie Pregler","potentialAction":[{"@type":"SearchAction","target":{"@type":"EntryPoint","urlTemplate":"https:\/\/rzu.upx.mybluehost.me\/?s={search_term_string}"},"query-input":{"@type":"PropertyValueSpecification","valueRequired":true,"valueName":"search_term_string"}}],"inLanguage":"de"},{"@type":"Organization","@id":"https:\/\/rzu.upx.mybluehost.me\/#organization","name":"Private Physiotherapie Pregler","alternateName":"Private Physiotherapie Pregler","url":"https:\/\/rzu.upx.mybluehost.me\/","logo":{"@type":"ImageObject","inLanguage":"de","@id":"https:\/\/rzu.upx.mybluehost.me\/#\/schema\/logo\/image\/","url":"https:\/\/physiotherapie-pregler.de\/wp-content\/uploads\/2025\/07\/Physiotherapie-Pregler-Logo-Green.webp","contentUrl":"https:\/\/physiotherapie-pregler.de\/wp-content\/uploads\/2025\/07\/Physiotherapie-Pregler-Logo-Green.webp","width":512,"height":512,"caption":"Private Physiotherapie Pregler"},"image":{"@id":"https:\/\/rzu.upx.mybluehost.me\/#\/schema\/logo\/image\/"},"sameAs":["https:\/\/www.instagram.com\/physiopregler\/"]}]}</script>
<!-- / Yoast SEO plugin. -->
